at is the hundreds digit of 670916194?
1
What is the hundreds digit of 2910984984?
9
What is the thousands digit of 954552400?
2
What is the tens digit of 228243907?
0
What is the ten thousands digit of 333246277?
4
What is the hundred thousands digit of 73214783?
2
What is the millions digit of 154199355?
4
What is the ten millions digit of 41220712?
4
What is the millions digit of 128804825?
8
What is the hundred millions digit of 6041472599?
0
What is the ten thousands digit of 86609322?
0
What is the units digit of 33277939?
9
What is the thousands digit of 1393263845?
3
What is the hundred thousands digit of 2937791147?
7
What is the thousands digit of 847917348?
7
What is the millions digit of 1754395372?
4
What is the units digit of 808620509?
9
What is the hundred millions digit of 200658454?
2
What is the millions digit of 9345453?
9
What is the tens digit of 118896867?
6
What is the ten thousands digit of 360246698?
4
What is the thousands digit of 557685951?
5
What is the hundreds digit of 922307845?
8
What is the hundred millions digit of 199449376?
1
What is the hundreds digit of 1743462533?
5
What is the hundred thousands digit of 58202611?
2
What is the millions digit of 170087136?
0
What is the hundreds digit of 97484829?
8
What is the ten thousands digit of 307064525?
6
What is the ten millions digit of 3654538352?
5
What is the ten thousands digit of 93326214?
2
What is the tens digit of 2169880333?
3
What is the ten thousands digit of 687328933?
2
What is the hundreds digit of 328188645?
6
What is the tens digit of 934068338?
3
What is the ten thousands digit of 723257830?
5
What is the tens digit of 74832141?
4
What is the hundreds digit of 8287483?
4
What is the hundred thousands digit of 116891572?
8
What is the hundreds digit of 4584781?
7
What is the ten millions digit of 147844078?
4
What is the hundred millions digit of 534822394?
5
What is the ten millions digit of 608228392?
0
What is the ten thousands digit of 309602913?
0
What is the hundred thousands digit of 1856010915?
0
What is the hundreds digit of 818818327?
3
What is the hundreds digit of 3559986?
9
What is the hundreds digit of 25804893?
8
What is the billions digit of 1470511358?
1
What is the hundred millions digit of 2692079102?
6
What is the hundred thousands digit of 1790956089?
9
What is the ten millions digit of 2228882317?
2
What is the units digit of 678614953?
3
What is the tens digit of 122194419?
1
What is the hundred millions digit of 467892092?
4
What is the hundreds digit of 55191787?
7
What is the hundred millions digit of 1325909972?
3
What is the hundreds digit of 160540576?
5
What is the millions digit of 1574805068?
4
What is the tens digit of 1960736595?
9
What is the ten millions digit of 5696282905?
9
What is the ten thousands digit of 698451305?
5
What is the hundred thousands digit of 58786509?
7
What is the ten thousands digit of 218639966?
3
What is the millions digit of 926223189?
6
What is the ten millions digit of 569537444?
6
What is the units digit of 825191727?
7
What is the hundred thousands digit of 105898445?
8
What is the hundred thousands digit of 2096263359?
2
What is the tens digit of 7807103?
0
What is the hundred thousands digit of 33377032?
3
What is the millions digit of 2085721229?
5
What is the thousands digit of 1843055340?
5
What is the ten millions digit of 87927662?
8
What is the hundred thousands digit of 1237289717?
2
What is the units digit of 47572381?
1
What is the units digit of 3804770582?
2
What is the tens digit of 482732192?
9
What is the tens digit of 196497123?
2
What is the hundreds digit of 27580882?
8
What is the tens digit of 105931164?
6
What is the tens digit of 70471675?
7
What is the ten millions digit of 47099110?
4
What is the billions digit of 3027078040?
3
What is the millions digit of 124098128?
4
What is the thousands digit of 363859778?
9
What is the tens digit of 92019255?
5
What is the hundreds digit of 560639704?
7
What is the tens digit of 190133421?
2
What is the tens digit of 386061952?
5
What is the ten millions digit of 6147217682?
4
What is the units digit of 60248429?
9
What is the thousands digit of 99060509?
0
What is the hundred thousands digit of 400007249?
0
What is the thousands digit of 3873559?
3
What is the hundred millions digit of 3113437907?
1
What is the millions digit of 695435392?
5
What is the ten millions digit of 2287449727?
8
What is the hundreds digit of 5557606?
6
What is the thousands digit of 1561638380?
8
What is the units digit of 869740?
0
What is the hundreds digit of 262645231?
2
What is the millions digit of 19772991?
9
What is the ten millions digit of 50602663?
5
What is the tens digit of 3878319732?
3
What is the millions digit of 86827293?
6
What is the hundred millions digit of 8040280461?
0
What is the hundreds digit of 192670712?
7
What is the thousands digit of 2054861478?
1
What is the hundred thousands digit of 81282749?
2
What is the ten thousands digit of 3038808800?
0
What is the hundreds digit of 604389451?
4
What is the hundred thousands digit of 83062705?
0
What is the units digit of 41895431?
1
What is the ten thousands digit of 1477176170?
7
What is the hundred thousands digit of 284626440?
6
What is the ten thousands digit of 564493293?
9
What is the thousands digit of 727141342?
1
What is the ten millions digit of 240662277?
4
What is the hundred millions digit of 1683632065?
6
What is the ten thousands digit of 4482584704?
8
What is the tens digit of 3512486553?
5
What is the ten millions digit of 4300830876?
0
What is the ten millions digit of 50319666?
5
What is the hundreds digit of 259513698?
6
What is the units digit of 7970782?
2
What is the units digit of 278190740?
0
What is the tens digit of 6713346694?
9
What is the billions digit of 6788084990?
6
What is the tens digit of 276708175?
7
What is the millions digit of 431106171?
1
What is the hundred thousands digit of 254642315?
6
What is the millions digit of 54514196?
4
What is the thousands digit of 53387971?
7
What is the hundred thousands digit of 164298038?
2
What is the tens digit of 328404758?
5
What is the tens digit of 3131754905?
0
What is the ten thousands digit of 52326731?
2
What is the tens digit of 179810884?
8
What is the units digit of 678640422?
2
What is the ten thousands digit of 311350017?
5
What is the hundred millions digit of 1080676568?
0
What is the hundreds digit of 7092078705?
7
What is the hundred millions digit of 5049536618?
0
What is the millions digit of 24767453?
4
What is the tens digit of 1161211201?
0
What is the units digit of 378582411?
1
What is the thousands digit of 125416788?
6
What is the hundreds digit of 175210562?
5
What is the hundred thousands digit of 57345846?
3
What is the thousands digit of 170950709?
0
What is the ten thousands digit of 47134894?
3
What is the hundred thousands digit of 1505128393?
1
What is the units digit of 1642157987?
7
What is the thousands digit of 77422143?
2
What is the hundreds digit of 480002990?
9
What is the hundreds digit of 1110173095?
0
What is the millions digit of 75533910?
5
What is the ten millions digit of 96440484?
9
What is the hundred millions digit of 353433232?
3
What is the tens digit of 3026501323?
2
What is the ten millions digit of 21681195?
2
What is the hundred thousands digit of 77742148?
7
What is the millions digit of 353380649?
3
What is the hundreds digit of 1080871753?
7
What is the tens digit of 3093637083?
8
What is the hundred millions digit of 5069452660?
0
What is the hundred thousands digit of 85012189?
0
What is the thousands digit of 50018754?
8
What is the tens digit of 613997262?
6
What is the tens digit of 54882629?
2
What is the ten millions digit of 1907163411?
0
What is the tens digit of 7960198?
9
What is the thousands digit of 58740091?
0
What is the hundreds digit of 4959998?
9
What is the ten thousands digit of 242250250?
5
What is the units digit of 145135042?
2
What is the millions digit of 6450050818?
0
What is the thousands digit of 6560646743?
6
What is the thousands digit of 1274466365?
6
What is the hundred millions digit of 164749759?
1
What is the thousands digit of 3692050323?
0
What is the hundred millions digit of 89497827